
4
What is the remainder when 2235657 is divided by 342?
3
What is the remainder when 191063 is divided by 19100?
63
Calculate the remainder when 14759000 is divided by 816.
8
What is the remainder when 34690985 is divided by 5302?
5301
Calculate the remainder when 117301028 is divided by 2809.
2806
What is the remainder when 13331156 is divided by 2729?
2720
What is the remainder when 77062 is divided by 20973?
14143
What is the remainder when 13377042 is divided by 17?
14
Calculate the remainder when 126290 is divided by 15780.
50
What is the remainder when 31928 is divided by 2660?
8
Calculate the remainder when 484755 is divided by 94.
91
What is the remainder when 1935023 is divided by 599?
253
What is the remainder when 127273 is divided by 427?
27
What is the remainder when 46045234 is divided by 6577889?
11
Calculate the remainder when 55592947 is divided by 8.
3
What is the remainder when 198840 is divided by 27988?
2924
What is the remainder when 2481468 is divided by 88623?
24
What is the remainder when 41939959 is divided by 36?
31
What is the remainder when 1126060 is divided by 2707?
2655
Calculate the remainder when 93168537 is divided by 71.
65
What is the remainder when 9482285 is divided by 1185284?
13
What is the remainder when 209897 is divided by 627?
479
Calculate the remainder when 10137633 is divided by 12.
9
Calculate the remainder when 1057002 is divided by 298.
294
Calculate the remainder when 36646 is divided by 1256.
222
Calculate the remainder when 14726237 is divided by 18.
5
What is the remainder when 441911184 is divided by 34?
26
Calculate the remainder when 199339 is divided by 33021.
1213
Calculate the remainder when 382890 is divided by 191432.
26
Calculate the remainder when 362594 is divided by 297.
254
Calculate the remainder when 2710728 is divided by 281.
202
What is the remainder when 379176 is divided by 75386?
2246
What is the remainder when 33989669 is divided by 190?
189
What is the remainder when 27529683 is divided by 4390?
4383
What is the remainder when 97872 is divided by 19529?
227
Calculate the remainder when 244262 is divided by 718.
142
What is the remainder when 25249 is divided by 7284?
3397
Calculate the remainder when 16331514 is divided by 1280.
1274
Calculate the remainder when 42722 is divided by 409.
186
What is the remainder when 2573405 is divided by 902?
901
What is the remainder when 55966 is divided by 5013?
823
Calculate the remainder when 5323549 is divided by 40.
29
What is the remainder when 13262020 is divided by 777?
184
Calculate the remainder when 816829 is divided by 26346.
103
Calculate the remainder when 1117765 is divided by 22355.
15
What is the remainder when 17932900 is divided by 206?
188
Calculate the remainder when 36881650 is divided by 33.
25
Calculate the remainder when 117394 is divided by 39044.
262
Calculate the remainder when 38500824 is divided by 12111.
12066
What is the remainder when 116244341 is divided by 914?
907
Calculate the remainder when 127253 is divided by 341.
60
What is the remainder when 14175102 is divided by 1905?
1902
Calculate the remainder when 536001 is divided by 103.
92
Calculate the remainder when 1393024 is divided by 13.
9
What is the remainder when 695229 is divided by 1849?
5
Calculate the remainder when 4270187 is divided by 1957.
13
Calculate the remainder when 3000953 is divided by 579.
575
What is the remainder when 474740 is divided by 2825?
140
What is the remainder when 60129 is divided by 2546?
1571
What is the remainder when 1476350 is divided by 28947?
53
What is the remainder when 297885 is divided by 1262?
53
What is the remainder when 1991695 is divided by 56?
55
Calculate the remainder when 62446617 is divided by 3910.
7
What is the remainder when 2812939 is divided by 1406451?
37
What is the remainder when 45647718 is divided by 83?
42
What is the remainder when 56439 is divided by 14109?
3
Calculate the remainder when 987021 is divided by 197.
51
Calculate the remainder when 30700532 is divided by 226.
14
Calculate the remainder when 42887 is divided by 310.
107
What is the remainder when 4348325 is divided by 447?
356
Calculate the remainder when 16687 is divided by 296.
111
What is the remainder when 3962984 is divided by 990741?
20
Calculate the remainder when 35460524 is divided by 354.
344
What is the remainder when 2233404 is divided by 61?
11
What is the remainder when 1668576 is divided by 229?
82
Calculate the remainder when 1966013 is divided by 12949.
10714
Calculate the remainder when 52351 is divided by 105.
61
What is the remainder when 516098 is divided by 872?
746
What is the remainder when 645549908 is divided by 3402?
3398
Calculate the remainder when 28031398 is divided by 716.
714
Calculate the remainder when 212850 is divided by 106411.
28
Calculate the remainder when 95025 is divided by 13574.
7
What is the remainder when 928401 is divided by 1019?
92
Calculate the remainder when 5320 is divided by 2539.
242
What is the remainder when 58845 is divided by 19256?
1077
What is the remainder when 1038941 is divided by 1734?
275
Calculate the remainder when 30242 is divided by 1876.
226
What is the remainder when 166032 is divided by 82918?
196
Calculate the remainder when 22856657 is divided by 22856652.
5
Calculate the remainder when 151528757 is divided by 37882188.
5
What is the remainder when 15404 is divided by 268?
128
What is the remainder when 27715740 is divided by 25219?
59
What is the remainder when 1884077 is divided by 10184?
37
Calculate the remainder when 19590 is divided by 3112.
918
Calculate the remainder when 1730993 is divided by 192323.
86
Calculate the remainder when 8649 is divided by 3808.
1033
What is the remainder when 8406049 is divided by 877?
4
Calculate the remainder when 3742426 is divided by 128.
90
Calculate the remainder when 10912165 is divided by 8.
5
What is the remainder when 204697 is divided by 50909?
1061
Calculate the remainder when 419126081 is divided by 481.
478
Calculate the remainder when 1780490 is divided by 25.
15
What is the remainder when 2414875 is divided by 3809?
3778
What is the remainder when 158643 is divided by 601?
580
Calculate the remainder when 201364 is divided by 3661.
9
What is the remainder when 9862080 is divided by 2793?
2790
Calculate the remainder when 175090 is divided by 128.
114
What is the remainder when 51570558 is divided by 12892636?
14
What is the remainder when 230657 is divided by 32936?
105
What is the remainder when 328603 is divided by 294?
205
Calculate the remainder when 59010 is divided by 29290.
430
What is the remainder when 1338398 is divided by 56?
54
Calculate the remainder when 14053364 is divided by 376.
364
What is the remainder when 4651557 is divided by 617?
611
What is the remainder when 13101418 is divided by 833?
827
What is the remainder when 1806813 is divided by 361298?
323
What is the remainder when 127228 is divided by 2090?
1828
What is the remainder when 97756 is divided by 48741?
274
What is the remainder when 428862 is divided by 286?
148
What is the remainder when 13513 is divided by 12666?
847
What is the remainder when 190599021 is divided by 22?
19
What is the remainder when 43376714 is divided by 2614?
2612
Calculate the remainder when 47748496 is divided by 73.
72
Calculate the remainder when 56632 is divided by 7111.
6855
Calculate the remainder when 304074 is divided by 283.
132
Calculate the remainder when 35377 is divided by 3472.
657
Calculate the remainder when 8148082 is divided by 58.
10
What is the remainder when 4429685 is divided by 363?
359
Calculate the remainder when 4214 is divided by 4021.
193
Calculate the remainder when 127513 is divided by 25.
13
What is the remainder when 7319391 is divided by 430550?
41
What is the remainder when 2756983 is divided by 119854?
341
Calculate the remainder when 5392463 is divided by 314.
141
What is the remainder when 158494 is divided by 31668?
154
What is the remainder when 58947 is divided by 57835?
1112
Calculate the remainder when 2052757 is divided by 5.
2
Calculate the remainder when 5538741 is divided by 76.
13
What is the remainder when 3907390 is divided by 282?
280
What is the remainder when 24487843 is divide